= 99 - 369. Suppose -z + 3*g + 13 = -2, 0 = -4*g. Calculate the greatest common divisor of y and z.
15
Let j(r) = -3*r - 5. Let b be j(-3). Suppose b*z - 3 = 3*z. Suppose 0 = z*d + 3*d - 36. Calculate the highest common factor of 6 and d.
6
Suppose 49 - 61 = -6*p. Let y be (p + 25 + -2)*(-55)/(-11). What is the greatest common divisor of y and 50?
25
Let s(f) = -f**2 + 28*f - 59. Let d be s(23). Calculate the greatest common divisor of d and 14.
14
Suppose -8*h = -3642 + 890. What is the greatest common factor of h and 8?
8
Let u(t) = 2*t**2 - 34*t + 41. Let h be u(22). What is the greatest common divisor of h and 58?
29
Let d be 3/(2*3/4). Let z(t) = 2*t + 1 - 28*t**d + 5 + 29*t**2. Let n be z(-6). What is the greatest common divisor of n and 15?
15
Let b be (8/(-3) - -7)/(2/150). Calculate the greatest common factor of b and 175.
25
Let g(h) = h**3 + 2*h**2 + h + 9. Let r be g(0). Let n(q) = -q**2 - 10*q - 15. Let s be n(-6). Calculate the highest common factor of s and r.
9
Suppose 0 = p - n - 9, -5*n + 5 = 2*p + 22. Suppose -4*r + 6*r - 1 = 3*b, -5*r + 6 = -p*b. Let w = -767 - -773. What is the greatest common divisor of w and r?
2
Suppose 0 = -2*q + 4*s + 24, 2*q - 6*s + 7*s = 4. Calculate the greatest common divisor of q and 28.
4
Let f = 1856 + -1660. What is the highest common divisor of f and 168?
28
Let o = -52 + 75. Let n(y) be the first derivative of y**4/4 + 13*y**3/3 + 5*y**2 - 10*y - 7. Let c be n(-8). What is the highest common divisor of c and o?
23
Let w = 34 + -12. Let g = w - 8. Calculate the greatest common factor of g and 28.
14
Suppose -4*u = 5*a + 88, -1 = a - 5. Let j be -54*-12*(-6)/u. What is the highest common divisor of 36 and j?
36
Suppose -3*v - 2 + 11 = 0. Suppose 21 = d - v*x, -3*x + 0*x = 4*d - 69. Calculate the greatest common divisor of d and 144.
18
Suppose 4*k - k - 12 = 3*h, -h - 10 = -3*k. Suppose k*q - 116 = t, 2*t - 48 = -2*q + 32. What is the greatest common divisor of 429 and q?
39
Suppose 0 = -0*i - 3*i + 60. Suppose 596 = 2*g + 2*g. Let n = 329 - g. What is the greatest common divisor of i and n?
20
Let n(f) = -f**2 + 2*f + 5. Let q be n(0). Suppose -q*s + 82 = 12. Calculate the highest common factor of s and 112.
14
Suppose 5*l = 3*n + 2024, 5*l = 3*l - 4*n + 820. Calculate the greatest common factor of 348 and l.
58
Suppose 8*d - 86 = 6*d. Let t = -33 + d. What is the highest common divisor of 10 and t?
10
Let w(j) be the third derivative of j**5/30 + j**4/8 + 5*j**3/6 - 5*j**2. Let i = -1 + -2. Let k be w(i). Calculate the greatest common factor of k and 70.
14
Suppose 5*q + 34 = 109. Suppose 0 = 3*h + 3*j - q, -4*h + 0 = -5*j - 29. Suppose -17*p + 325 = 19. What is the greatest common factor of h and p?
6
Suppose -86*h + 916 = -7340. What is the highest common factor of h and 2?
2
Suppose -5*p + 2*p = 3*m - 6, 5*p = m - 20. Let a = 107 - 60. Let v = a + -32. What is the highest common factor of m and v?
5
Let a be -1*1/2*-8. Suppose -6*s + 718 = a*g - s, 4*g = 3*s + 734. What is the highest common factor of 26 and g?
26
Let s = -590 - -656. Calculate the highest common factor of 429 and s.
33
Let s(a) = 57*a**2 - 10*a + 12. Let l be s(1). Calculate the greatest common divisor of 531 and l.
59
Suppose -5*x + 24 = 2*z, -4*x + 4 = -3*x. Suppose -2*v + 4*v + 20 = 0. Let u = -8 - v. What is the highest common divisor of u and z?
2
Suppose -2*d = -0*d + 58. Let v be (4 - 3) + (0 - d). Let b(x) = x**2 - 15*x + 54. Let w be b(11). What is the greatest common divisor of v and w?
10
Let z(t) = -3*t**3 + 39*t**2 - 9*t + 4. Let j(p) = -p**2 + p + 1. Let f(v) = 2*j(v) + z(v). Let h be f(12). Calculate the highest common factor of 88 and h.
22
Let f(x) = x - 6. Let l be f(8). Suppose -i - l*i = -21. Calculate the highest common factor of i and 21.
7
Let c = 1178 + -653. What is the greatest common divisor of c and 225?
75
Let p(d) = 2*d**2 + 51*d - 69. Let k be p(31). Calculate the greatest common divisor of 34 and k.
34
Let w be 146*((-1)/(-4))/(1/6). Calculate the highest common divisor of w and 1022.
73
Suppose 5*c - 4*l = 161, 0 = -14*c + 17*c - l - 91. Calculate the highest common divisor of 87 and c.
29
Suppose -2*c = 129 + 73. Let t = 266 + c. Calculate the highest common divisor of 15 and t.
15
Let z be (-33)/22 + (59885/10)/7. Calculate the highest common factor of 14 and z.
14
Let l = -6 - -7. Let s be (-40)/(-80)*(l + (-37)/(-1)). Let h(u) = 13*u**2 - u - 3. Let j be h(-4). What is the greatest common divisor of j and s?
19
Let f(v) = 35*v**2 + 2*v - 1. Let q be f(2). Suppose p - 9 = 2*r, -89 = -5*p + 2*r - 28. What is the highest common factor of p and q?
13
Let h(u) = 2*u - 9. Let a be (4/(-6))/(4/132). Let x = -11 - a. Let m be h(x). Calculate the highest common factor of m and 143.
13
Let l be (-6)/(-9)*99/2. Suppose 0 = p + 2*p - l. Let i be ((-2544)/(-27) - -5) + 6/(-27). What is the highest common factor of p and i?
11
Suppose -2*r + 320 = 4*s, 37*r + 249 = 3*s + 34*r. Calculate the highest common divisor of s and 675.
27
Let x be -9*((3 - 3) + -2). Let m = -31 - -25. Let w(n) = -25*n - 6. Let b be w(m). What is the greatest common factor of b and x?
18
Suppose 1 - 2 = -h, 0 = c + h - 6. Suppose -c = -n - 2, -26 = -p + 2*n. Calculate the highest common divisor of p and 80.
16
Let b = 6 - -1. What is the greatest common factor of 287 and b?
7
Let q(d) = -3*d**3 + 2*d**2 - 3*d + 252. Let i be q(0). What is the greatest common factor of i and 14?
14
Suppose 0*h = -2*h - 4. Let v be (-1)/h - (-35)/14. Suppose -o - v = -21. Calculate the highest common divisor of o and 126.
18
Suppose -264 = -248*n + 242*n. Let g(q) = q**2 - 4*q + 6. Let k be g(5). What is the highest common divisor of n and k?
11
Let f(c) be the second derivative of -c**3/2 - 4*c**2 + 5*c. Let d be f(-3). Calculate the greatest common divisor of 7 and d.
1
Suppose q - 25 = 39. Suppose -q = 10*i - 14*i. What is the highest common divisor of i and 144?
16
Let z = -701 - -703. What is the highest common divisor of 62 and z?
2
Suppose v + n = -13, 6*v + 52 = 2*v - 2*n. Let l = v - -19. Suppose 21 = s + l. What is the highest common factor of s and 135?
15
Let u(q) = q - 1. Let z be u(-9). Let j be z/(-25) + 454/(-10). Let w = j - -81. What is the highest common factor of 9 and w?
9
Suppose -9*u + 602 = -2926. Calculate the greatest common factor of u and 16.
8
Suppose 0 = 5*h - u + 46, -3*u = -2*u - 1. Let z = h - -14. Suppose -z*b + 4*b + 5*m = -14, -5*m = -5*b + 30. Calculate the highest common divisor of b and 32.
4
Let k = -275 - -277. What is the greatest common divisor of 326 and k?
2
Let g(h) be the third derivative of h**5/60 + h**3/3 + 11*h**2. Let v be g(4). What is the greatest common divisor of v and 54?
18
Suppose f - 30 = -5*h, -3*h - 5*f + 23 = -17. Suppose 5*r = -h*q + 920, -4*q = r - 7 - 177. What is the greatest common factor of r and 23?
23
Suppose -62 = -8*t + 18. What is the greatest common divisor of t and 34?
2
Let j(l) = -6*l - 24. Suppose -6*a + 27 = -2*f - 3*a, -f - a - 6 = 0. Let n be j(f). Let x be 15/9*(162 + 0). Calculate the highest common divisor of x and n.
30
Let x(u) = -2*u**2 + 13*u - 4. Let q be x(6). Let j = -3 + 3. Let w = j + 1. What is the highest common divisor of q and w?
1
Let s(g) = -g**2 + 19*g + 29. Let c be s(20). Let d(k) = k. Let j be d(6). Calculate the highest common factor of c and j.
3
Let b(y) = -y**3 - 20*y**2 + 46*y + 52. Let s be b(-22). Let g(i) = i**2 + i + 8. Let a be g(0). What is the highest common factor of s and a?
8
Suppose -5*k = 3*y + 23 - 212, 3*y = -4*k + 153. Let a(j) = j**2 + 4*j - 3. Let r be a(2). What is the highest common factor of k and r?
9
Let p(j) = -j**2 + 28*j + 84. Let b be p(13). What is the highest common factor of b and 36?
9
Let x(k) = k**2 - 13*k - 14. Let s be x(-8). Suppose -24 = y - s. Calculate the highest common divisor of y and 26.
26
Let k(p) = -p**3 + 5*p**2 - 2*p + 6. Let w(x) = x**3 + 5*x**2 + 5*x + 8. Let l be w(-4). Let t be k(l). What is the highest common divisor of 14 and t?
14
Let g(l) = l**2 + 3*l - 103. Let j be g(14). Calculate the greatest common factor of j and 54.
27
Let v(g) = 14*g. Let y be v(5). Let u(f) = 15*f**2 + 7*f + 6. Let q be u(-1). Calculate the greatest common factor of q and y.
14
Let l be 21 + 1 + -1 + -